3.
10
What is the remainder when (-10)/(-25)*5 + 121 is divided by 21?
18
Suppose -3*x - 4 = -4*x. Suppose d - x*d = -4*c - 2, 1 = 5*c - 2*d. What is the remainder when 3 is divided by c?
0
Suppose -4*f + 1 = -15. Suppose -f*g + 48 = -3*g. Calculate the remainder when g is divided by 17.
14
Suppose 0 = -5*i - 0 - 20. Calculate the remainder when ((-8)/(-6))/(4/114) is divided by (-12)/(-16) - 77/i.
18
Suppose -6*a = -a - 130. Suppose j = -4*j + 25. Suppose 0 = 3*q - 22 - j. What is the remainder when a is divided by q?
8
Let g(m) = -2*m - 8. Let j be g(-6). Suppose -50 = -j*o + 2. What is the remainder when 49 is divided by o?
10
Let g be (-2 + 4/2)/1. Suppose h + 0*h = 0. What is the remainder when 5 is divided by 1 + g - (-1 - h)?
1
Suppose 5*o = 5*q + o + 6, q = 5*o + 3. Let k = 2 + -4. What is the remainder when (q - k) + 8*3 is divided by 13?
11
Suppose -5*m = 15, -32 - 3 = -4*g + m. Suppose 3*n - 31 = 2*n. What is the remainder when n is divided by g?
7
Let h(m) = -3*m - 7. Let s be h(-5). What is the remainder when -2*(-3 + s/4) is divided by 1?
0
Let j = 4 + 13. Calculate the remainder when j is divided by 5.
2
Suppose 4*z + 15 = h + 2*h, 0 = 4*z - 2*h + 14. Let p = 0 - z. What is the remainder when 8 is divided by p?
2
Suppose -5*w + 0*w = -310. Let j = -45 + 66. What is the remainder when w is divided by j?
20
Suppose 0 = 5*i - 2*i. Let y be (-4)/18 - 141/(-27). Suppose i = 5*n + 2*q - 35 - 82, -y*n + 4*q + 141 = 0. Calculate the remainder when 73 is divided by n.
23
Let l(w) = -w**3 + 9*w**2 + 1. Let x be l(7). Suppose 0 = 2*o - 8, -2*b + 5 = -3*o - x. What is the remainder when b is divided by 20?
18
Let b be (-32)/56 - 67/(-7). Suppose b*a - 5*a - 80 = 0. Calculate the remainder when 37 is divided by a.
17
What is the remainder when (-52)/65 + (-29)/(-5) is divided by 2 - (-1 + 0)*1?
2
Suppose -200 = -5*m + 5*s, -3 = 5*s - 8. Let a(i) = 38*i**2 - i. Let x be a(1). Let j = x + -16. What is the remainder when m is divided by j?
20
Suppose 21 = 5*y - 2*y. Let u(b) = -b**2 - 13*b - 14. Let n be u(-6). Let l = n + -8. Calculate the remainder when l is divided by y.
6
Let a = -24 + 38. Calculate the remainder when a is divided by 3.
2
Suppose 5 = g - 2*g. Let s = 5 - g. Calculate the remainder when 28 is divided by s.
8
Let o(s) be the second derivative of -s**4/12 + 5*s**3/3 + 13*s**2/2 + 7*s. Calculate the remainder when o(10) is divided by 5.
3
Suppose -3*i + 2*f + 2*f = 49, 4*f + 43 = -i. Let j = 65 - 104. Let c = i - j. Calculate the remainder when c is divided by 9.
7
Let p(y) = y + 69. Calculate the remainder when p(-14) is divided by 29.
26
Suppose 2*i + 5*g - 116 = 0, -i + 27 = 3*g - 30. Suppose -3*s = 2*o - 29, -3*s - 20 = s. What is the remainder when i is divided by o?
19
Let r(n) be the third derivative of -n**6/120 - 7*n**5/60 + n**4/3 + 5*n**3/6 + 4*n**2. Calculate the remainder when 18 is divided by r(-8).
3
Suppose 2*d - 14 = t - 5*t, 2*t - 10 = 2*d. Let r = 3 + d. Suppose 25 = r*c - 3. Calculate the remainder when c is divided by 8.
6
Let i(o) = 3*o**2 + 3*o + 12. What is the remainder when i(-6) is divided by 26?
24
Suppose 6*n - 18*n + 804 = 0. What is the remainder when n is divided by 18?
13
Let q(b) = 2*b + 9. Let y(h) = -2*h - 8. Let x(o) = 5*q(o) + 6*y(o). Calculate the remainder when 5 is divided by x(-3).
2
Let u = -4 + 4. Let n(s) = u*s**2 - s**2 + 4*s + 3*s**2. Calculate the remainder when 17 is divided by n(-3).
5
Let m(q) be the second derivative of -1/6*q**3 + 0 - 2*q - 1/2*q**2 + 1/12*q**4. Calculate the remainder when 9 is divided by m(-2).
4
Suppose -d + 5 + 13 = 0. Let v = -4 + 4. Suppose 5*c = 3*z - 4*z + 51, 5*c - 2*z - 48 = v. Calculate the remainder when d is divided by c.
8
Let o = -3 + 15. What is the remainder when 118 is divided by o?
10
Let w be 26 - (-1 + -2 + 3). Suppose -8*q = -6*q - w. Calculate the remainder when 37 is divided by q.
11
What is the remainder when (17/51)/(2/30) is divided by 2?
1
Let o = -125 + 217. Suppose 3*p + p - o = 0. What is the remainder when 44 is divided by p?
21
Let a = -6 + 9. Suppose 4*i = a*i + 14. Calculate the remainder when i is divided by 8.
6
Let k(q) = -29*q. Let s(h) = 391*h. Let w(z) = 68*k(z) + 5*s(z). Calculate the remainder when w(-2) is divided by 18.
16
Let x(c) = -8*c**2 - 2*c + 3. Let u(s) = -s**2. Let n(d) = 6*u(d) - x(d). Let r = -1 - 2. Calculate the remainder when 16 is divided by n(r).
7
Suppose 2*s = -0*s + 4. Calculate the remainder when 55 is divided by ((-3)/s)/((-6)/56).
13
Let b(o) = o**2 - 3*o - 3. Calculate the remainder when b(8) is divided by 20.
17
Let d = 6 - 4. Suppose y + 1 - d = 0. Calculate the remainder when -1 + (4 - 2/2) is divided by y.
0
Let q = -57 + 83. Let k(r) = -6*r + 2 + 0 - r**2 + 2. Calculate the remainder when q is divided by k(-5).
8
Let m = 25 + -19. What is the remainder when 17 is divided by m?
5
Let s be 3/(-6) - (-9)/2. Suppose 4*m - 23 = -s*x + 29, -3*m + 53 = -4*x. What is the remainder when 44 is divided by m?
14
Suppose 7*k = 2*k + 60. Calculate the remainder when 35 is divided by k.
11
Let a(u) = 6*u**2 + 4*u + 4. What is the remainder when a(-3) is divided by 16?
14
Let b(z) be the second derivative of 37*z**3/2 + z**2/2 + 4*z. Let j be b(1). Suppose w - j = -w. What is the remainder when w is divided by 19?
18
Suppose s + 2*l - 2 = 3, 8 = 4*l. Let w(c) = 27*c - 1. Let k be w(1). What is the remainder when 33 is divided by 4/12*(s + k)?
6
Let d(k) = k**2 + 6*k + 1. Let v be d(-11). Let q = -24 + v. Suppose -2*f - 5*h + 39 = 0, -4*h = 4*f - 100 + 28. Calculate the remainder when q is divided by f.
15
What is the remainder when (-218 + 6)*1/(-4) is divided by 27?
26
Let a be (44/(-10))/((-4)/20). Let d = 36 - a. Calculate the remainder when d is divided by (-15)/2*(-2)/3.
4
Let a = -46 - -70. Let h(q) = q**3 - 7*q**2 + 9*q + 8. What is the remainder when h(7) is divided by a?
23
Let t(r) = 4*r**3 - 8*r + 4. Calculate the remainder when t(3) is divided by 10.
8
Let z be 3*1 + (-8 - -47). Suppose 0 = -4*n - 3 - 13. Calculate the remainder when (n/(-12))/(2/z) is divided by 4.
3
Let t(g) = -g + 1. Let y be t(-3). Let s be 2/y - 6/(-4). Suppose -s*q = -0*q - 8. Calculate the remainder when 10 is divided by q.
2
Let l = 36 + -11. Calculate the remainder when l is divided by 13.
12
Let t = 58 + -41. Calculate the remainder when t is divided by 7.
3
Let g = 11 - 4. Suppose -420 = -4*d + 9*d. Let i = -59 - d. Calculate the remainder when i is divided by g.
4
Let t = 1 - -4. Suppose -6*j = 5*w - 2*j - 260, 5*w - t*j = 260. Let p = w + -21. Calculate the remainder when p is divided by 11.
9
Suppose 30 = -y + 109. Let m = y + -28. Calculate the remainder when m is divided by 13.
12
Let o = 3 + 12. What is the remainder when 73 is divided by o?
13
Let f(l) = -l**2 + 2 + l**3 + l**2 - l + 3*l**2 + 5*l**2. Let j be 8/6*-2*3. Calculate the remainder when 19 is divided by f(j).
9
Let m(u) = 3*u + 15. What is the remainder when m(7) is divided by 2/(-8) + 77/4?
17
Suppose -i + 10 = -11. What is the remainder when 83 is divided by i?
20
Suppose 11 + 2 = v + 3*j, 0 = -4*v + j + 104. Let s = 42 - v. Suppose -2*h = 4*o - 210, o + 130 = 4*o - 4*h. What is the remainder when o is divided by s?
16
Suppose s + 2*s - 12 = 0. Suppose 0*a + 3*a - 66 = -3*p, -s*a = p - 31. What is the remainder when p is divided by 7?
5
Let j = -15 - -18. What is the remainder when j is divided by 1?
0
Let s be (-1 + 2)/((-5)/(-195)). Suppose -m + 4*m = s. What is the remainder when 37 is divided by m?
11
Let n(f) = -f**3 - 4*f**2 - 4*f - 1. Suppose 5*s - 4*w - 4 = -45, 2*s - 5*w = -30. What is the remainder when n(s) is divided by 23?
21
Suppose w - 25 = u - 5*u, -4*u - 3*w = -19. Suppose 0*f = -3*f + 75. Calculate the remainder when f is divided by u.
4
Let u = 137 + -93. What is the remainder when u is divided by 15?
14
Let o(n) = n**3 - 5*n**2 + 2*n + 4. What is the remainder when 55 is divided by o(5)?
13
Let k(z) = 2*z - 6. Let w be k(4). Suppose 0 = -2*o + 5*y + 76, 0*o - w*o = -2*y - 64. Let d = o + -8. Calculate the remainder when 58 is divided by d.
18
What is the remainder when 97 is divided by 708/28 - 2/7?
22
Suppose -b - 2*q - 12 = 0, -7 = -3*b - 3*q - 43. Let d = 28 + b. Calculate the remainder when 30 is divided by d.
14
Su